ue of -4 + (-2 - 0) - (-5 + -6)?
5
What is the value of 6 - ((-2 - -10 - 13) + 0)?
11
Calculate -1 + 14 + (15 - 11 - 5).
12
(-11 - (7 - 43)) + -18
7
What is (-1 + -10 - (-54 - -48)) + -2?
-7
What is 213 + -240 + 35 + -5?
3
What is the value of 40 + -28 - (1 + -2)?
13
What is (-22 - -16) + 9 + -20?
-17
What is 16 - (-10 + -5 + 7 + (-8 - -7))?
25
Calculate 11 + 0 + (1490 - 1471).
30
What is the value of -19 + 15 + -32 - (-1 + -8)?
-27
What is the value of -7 + (-9 - -3 - (-6 + 6))?
-13
Evaluate (-1 - 7) + (-11 - (11 + -12 + -10)).
-8
Evaluate (37 - 31) + -9 + -25.
-28
-5 + -48 + 26 - ((-3 - 1) + 16)
-39
What is the value of (3 - -2 - 16) + (2 - 7)?
-16
Evaluate -29 + 40 + -26 + 0 + 4 + 0.
-11
What is 3 + -11 - (-345 + 330)?
7
8 + (-21 + 4 + -3 - -3) + -12
-21
Calculate 9 - 1 - (10 - 3) - -7.
8
What is the value of (-14 - -2) + (4 - -5)?
-3
What is -2 + -9 + 8 + (-21 - -7 - -2)?
-15
-4 + -2 + (18 - (6 - (-5 + 8)))
9
What is -2 + -3 - (-22 + 26)?
-9
Calculate 5 + -11 + 3 - (2 + -9 + 2).
2
(4 - (-31 - -47)) + (9 - 0)
-3
Calculate (2 - 11) + (-138 - -141).
-6
What is the value of -20 - (10 + -10 + (4 - 16))?
-8
Evaluate (10 + -4 - (2 + -2)) + -3 - 12.
-9
Calculate (4 - 8) + (4 - 1) - (-14 + -3).
16
2 - (-9 + -12 - -11)
12
(3 - (4 - 1)) + (-20 - -19) - 7
-8
49 - (15 - 17) - 31
20
Calculate (8 - 7) + -9 + -2.
-10
What is (15 - 14) + (4 - (-4 + 9)) + 10?
10
What is -23 + (8 - 2 - (11 + -1)) + 13?
-14
What is 17 + -34 + 31 + (1 + -2 - 5)?
8
What is the value of 1 + -8 + -1 - (-17 - 0)?
9
Calculate -19 - -9 - (-2 - 0 - 7) - 5.
-6
23 + (-4 - -24) + -22
21
Evaluate 2 + -28 + 9 + 27.
10
Evaluate -30 - -5 - -16 - -2.
-7
What is the value of 13 + (18 - 37 - -33)?
27
Evaluate -24 - -20 - -45 - 25.
16
What is the value of (-4 - -5) + 13 + (4 - 8)?
10
What is the value of -2 - (15 + -9) - -4?
-4
What is 2 + -9 + 4 + -8?
-11
Evaluate (-18 - -4 - -17) + -22.
-19
Calculate -8 - (-95 + 96 + (-1 - -5)).
-13
What is the value of -2 - (-6 + 2) - (60 - 73) - -1?
16
Evaluate 4 + (-27 - (-33 - -32)).
-22
What is the value of (-2 - -19) + 11 + -34?
-6
1 + -1 - (12 + -25) - 34
-21
Evaluate 10 - 1 - ((-4 + 18 - -37) + -20).
-22
Evaluate 40 + (29 - 49) - 43.
-23
Evaluate 139 + -127 + (-11 - -1).
2
Calculate 0 - (35 + -21) - (-2 + -10).
-2
What is the value of (34 - -16) + -56 - (-19 - -1)?
12
What is the value of -20 - -6 - 37 - -43?
-8
2 - 15 - (-159 + 116)
30
15 - (34 - (6 + 10))
-3
What is -4 - (2 + -13 - 4)?
11
What is -4 - (-9 - (7 - 12))?
0
What is the value of 4 + 0 + (79 - 98)?
-15
What is the value of -32 + (14 - 6) - -11 - -9?
-4
10 - (-18 - (0 - 38))
-10
Calculate 13 + -36 + (-7 - -15) + 51.
36
Calculate 2 + -4 + (10 - (9 + 1)).
-2
What is the value of -4 - (-9 + (7 - -4) - 21)?
15
Calculate 6 - (3 + -1 + -1 + 0 + 5).
0
Calculate (2 - (9 - 8)) + -9 + 2.
-6
What is -21 - (-28 - (-7 + -6))?
-6
Evaluate 13 + (-1 + 8 - (-1 - (10 - 18))).
13
What is 0 - (10 - (-15 + 34))?
9
Calculate -7 + (16 - 8) + (-6 - -13).
8
Calculate (1 - (-11 - -5)) + -1 + -5.
1
Evaluate 9 + -39 - -5 - (-9 - (-2 - -3)).
-15
Calculate 33 - -4 - (-88 - -108).
17
What is the value of (-13 - -18 - 10) + -4 - 6?
-15
What is 2 + (-1 - 5 - ((5 - -2) + -8))?
-3
(-38 - -4) + (-10 - (-9 - 11))
-24
What is the value of -7 + 10 + (4 - -9)?
16
Calculate 3 + -1 - (-11 + (-5 + 4 - -17)).
-3
Calculate -6 + 6 + -1 + (-44 - -43) + -4.
-6
Calculate 4 - (10 - (5 - -1)) - -10.
10
What is -8 + (2 - 2) - (-2 + 1 - -15)?
-22
(-12 - -3 - (-3 - -2)) + -797 + 793
-12
Evaluate 292 + -302 - (-14 + 0).
4
What is the value of -28 - (-7 + -11 + -5)?
-5
What is the value of 0 + 8 + -6 + (4 - 1) + -16?
-11
Calculate -16 - -8 - (-14 + -3) - 3.
6
What is the value of -2 + (2 - (11 - 26))?
15
What is the value of (-46 - -43) + (3 - 19) + 2?
-17
What is -12 + (36 - 11) - 28?
-15
Evaluate (-41 - 0) + 10 - -35.
4
What is the value of 42 - (1 + (-32 - -63))?
10
Calculate 2 - (10 + -2 - (13 + -1)).
6
What is -25 - (-36 + -12 - -27)?
-4
What is (-1 - (-13 - -6)) + (2 - -1)?
9
What is -7 + -2 + -6 + (-9 - -18)?
-6
Calculate (-1627 - -1623) + -1 + -32.
-37
Evaluate -130 - -130 - (2 + (-1 - 2)).
1
-24 + 19 + -23 + -2
-30
What is the value of 0 - (-11 + (-4 - -11) + 4)?
0
Calculate 0 + (6 - 1) + 1674 + -1672 + 8.
15
4 + (-1 - -7) + (-3 + 4 - 1)
10
20 - 2 - (-57 + 63 - (3 - 1))
14
What is -8 + 9 - (0 - -1 - (0 - 6))?
-6
Evaluate (9 - 19) + 4 + (24 - 8).
10
What is -20 + (18 + -35 - -18) + 11?
-8
Calculate (74 + -27 - 49) + (0 - (-22 - -1)).
19
What is 5 + 1 + -7 + (-4 - -9 - -4)?
8
What is 8 - ((13 - (-7 + (8 - -2))) + -30)?
28
-11 + (28 - 1) - (-2 - -11)
7
Calculate -2 - 15 - (-6 + -12).
1
Evaluate 39 + (3 - -7 - 39).
10
-6 - (17 + -21) - -27
25
Calculate (80 - 69) + (-3 - -24).
32
Evaluate 32 + -16 - (2 - (-2 - 0)).
12
2 - 28 - (4 - 28 - -20)
-22
Evaluate 12 + (-42 - (-14 + (-7 - -12))).
-21
Calculate -17 - ((-50 - 8) + 15).
26
What is -6 + 2 - -9 - 6?
-1
Evaluate 10 - (0 - 1) - 16.
-5
What is 1 + -12 + 13 + (-10 - 2) + -1?
-11
Evaluate -7 + 1 + -7 + -1 + 7.
-7
What is the value of (-2 + (10 - (-6 - -9)) - 15) + 6?
-4
Calculate (-32 + 15 - (1 - 9)) + 21.
12
Calculate 40 - (24 - (-17 + -10)).
-11
What is -16 + (-14 + 2 - 1) - -7?
-22
Calculate -13 - (-1 + -7 + (4 - 0)).
-9
(29 - (1 + 8)) + (-63 - -18)
-25
22 + (16 - (1 - -39))
-2
2 + 19 + (-1 - 10)
10
Calculate -12 - ((-6 - (-2 + -9)) + (3 - 12)).
-8
What is -1 + (-5 - (-3 + -5)) + -11?
-9
Calculate 22 + (-11 - (-6 + 1)) + -10 + 6.
12
What is (1047 - 1010) + (-25 - 0) - (9 + -1)?
4
Evaluate 14 - (6 + 0 - (-77 + 86)).
17
What is the value of 1 + 16 - (-1781 + 1771)?
27
What is the value of -12 + 3 + (10 - -8) + -23 + 13?
-1
-4 - (9 - (1 - -9))
-3
Evaluate -2 + (4 - 7) + (3 + -2 - -11).
7
What is the value of -10 - (-4 - (-3 + 8 + -4)) - 13?
-18
Calculate 15 - (19 - 9 - -1).
4
Calculate 2 - ((15 - 29) + 26).
-10
-7 - -1 - (-35 + (0 - -13) + 9)
7
Evaluate -22 + 22 + -9 + (0 - (4 - 1)).
-12
Calculate (2 - (-2 - -4)) + -28 + 33.
5
What is (-28 - -54) + -6 + -35?
-15
Evaluate (-7 - -28 - 48) + 11.
-16
What is the value of -2 - (0 - ((-5 - 3) + 4 + -1))?
-7
Evaluate -5 + 6 + 12 + (0 - 25).
-12
Evaluate -2 + 8 - (68 + -22 + -26).
-14
Calculate -8 + 9 + -2 + 6 - -4 - -5.
14
Calculate (8 - 4) + -12 + 11 + -11 + 23.
15
7 - (-15 - -27) - -34 - -8
37
What is the value of -16 + (69 - 40) + (1 - -1)?
15
What is the value of 2 + 13 + -18 - (2 + -4 - 0)?
-1
(1 - -1) + (28 - 20 - (-3 - -10))
3
Evaluate -5 + 27 - (-7 - -3 - (3 + -4)).
25
What is 28 - (11 - (25 - (-19 - -30)))?
31
What is (6 + -7 + -5 - -2) + 2?
-2
Calculate 0 - 5 - (-36 + 11 - -31).
-11
Calculate -158 + 140 - (0 - 20).
2
What is -30 - ((-16 - -17) + -2 + -8)?
-21
What is 0 - ((-9 - -6 - 6) + 0)?
9
Calculate -57 + 65 + 5 + -2.
11
What is the value of (-5 + 3 + 8 - 6) + 8?
8
-5 + 8 - (7 + -13 + 0 + -2)
11
Evaluate (2 - -3 - (3 + (5 - -39))) + 11.
-31
Calculate 3 - ((-68 - -65) + (-1 - (2 - 11))).
-2
What is the value of -1 + (10 - 9 - -6)?
6
39 - (16 + 14 + -9)
18
Calculate 39 + (-12 - 24) + 14.
17
What is 18 - 11 - 20 - -3 - 3?
-13
What is the value of (1 - -3) + -17 + -14 + 22?
-5
Evaluate (-1 + -4 - 0 - -9) + (4 - 17).
-9
6 + -7 + -4 + 7 - 8
-6
Calculate -16 + 17 + -10 + 10.
1
What is the value of 8 - ((8 - 17) + 12 + 3)?
2
Evaluate -144 + 171 - (4 - (-2 + 0)).
21
4 - 5 - (5 + 1 + 2)
-9
-4 + 2 + 3 - (4 - (5 + 1))
3
Calculate 5 - (15 - 5) - 1 - (-13 - -21).
-14
(83 - 60) + -41 + (-1 + 1 - 0)
-18
What is the value of 6 + -6 - 5 - (20 + 4 + -6)?
-23
-20 - -13 - 1 - (-10 - 10)
12
Evaluate 2 - (-5 + (3 - (-10 - -4))) - -10.
8
-25 + 10 + 23 - -11
19
Evaluate 27 + -15 + 1 - 17.
-4
-1 + 15 - -15 - (-3 + -9 + 5)
36
(-3 - -2) + -1 - 6
-8
What is 0 - (3 - 7) - (-8 + 4 + -3)?
11
1 - 10 - (21 + -24)
-6
Evaluate -2 + 7 + (-53 - -44) + 1 + 3.
0
What is the value of (-16 + 7 - (0 + -6)) + -7 + -1?
-11
What is 2 + (19 + -3 - -1 - (8 + -4))?
15
What is -13 + -21 + 4 + -9 + 12 + 5?
-22
Calculate -18 - (-4 + -11 + 0).
-3
Calculate (-5 - -1 - 1) + -1 - (-8 - -5).
-3
What is (2 + -5 - 1) + -10 + 9 + 4?
-1
Calculate 26 + (2 - 17) + -10.
1
Evaluate -5 - -11 - (7 + (5 - 1)) - -6.
1
Calculate -11 - (-4 - (-8 + 9)) - -25.
19
Calculate -1 + -9 + -29 + 39.
0
Calculate -5 - (12 + -13 + (-12 - -13)).
-5
(0 - -28) + (-194 - -178)
12
Evaluate 4 + (5 + -6 + 2 - 7).
-2
Wha